023
What is 2211223 (base 5) in base 16?
95a9
Convert -10101100111 (base 2) to base 14.
-70b
677338 (base 10) to base 14
138bb4
What is -6831764 (base 11) in base 9?
-24454402
Convert 1c589c (base 13) to base 9.
1326502
-1201111000 (base 3) to base 15
-a090
What is 213044052 (base 6) in base 5?
1432111331
What is -64673 (base 8) in base 15?
-8047
1150054 (base 6) to base 15
130d1
575e07 (base 16) to base 7
66445004
What is 1097464 (base 12) in base 9?
5884434
221100100110 (base 3) to base 16
79ccb
bcef (base 16) to base 3
2110100101
104204012 (base 5) to base 11
294575
Convert -140340001 (base 5) to base 16.
-ae8f9
What is -1132506 (base 7) in base 12?
-6a630
3a763b (base 15) to base 2
1010101101111000111110
-11022222021 (base 3) to base 6
-1454441
Convert 3744453 (base 12) to base 9.
22265420
Convert 41111404 (base 5) to base 9.
555504
Convert 325532 (base 8) to base 11.
75217
What is b90fa (base 16) in base 15?
ee8e0
Convert -4b754 (base 14) to base 7.
-1401134
What is -53038 (base 11) in base 2?
-10010110110110111
Convert -db3750 (base 14) to base 11.
-4210807
What is 11100401242 (base 5) in base 3?
211210212100122
Convert 300613034 (base 7) to base 15.
17da285
-1341144 (base 7) to base 11
-111898
Convert 8380 (base 13) to base 4.
10130023
Convert 1321230201 (base 4) to base 9.
838680
301215 (base 9) to base 3
100001020112
What is 100010010010011 (base 2) in base 14?
657d
1726071 (base 9) to base 15
140214
Convert 1004185 (base 10) to base 15.
14c80a
Convert -155125321 (base 6) to base 15.
-459dea
-3211900 (base 10) to base 6
-152501524
1213042231 (base 5) to base 12
b6043b
232a27 (base 12) to base 7
4541434
4a10ac (base 13) to base 14
342277
-411202 (base 8) to base 6
-2524430
1112746 (base 9) to base 14
1184a2
Convert -50919 (base 11) to base 8.
-221112
Convert -4a75b (base 12) to base 11.
-6a124
Convert -1556220 (base 7) to base 13.
-77337
Convert -1001101110101100100 (base 2) to base 16.
-4dd64
2f742 (base 16) to base 3
100212121220
What is a392 (base 12) in base 2?
100010110011110
Convert -20301242 (base 5) to base 6.
-3315410
What is -95100 (base 11) in base 5?
-13413140
Convert 1627463 (base 9) to base 2.
11011100110010010101
Convert -76230a (base 11) to base 10.
-1218238
What is 114103454 (base 6) in base 5?
1022423103
What is -168bba (base 12) in base 15?
-7a2ed
Convert -7570d (base 16) to base 5.
-110343122
Convert -1772884 (base 9) to base 2.
-11110010011001111101
What is 211313323 (base 4) in base 7?
1214164
What is -23202111 (base 4) in base 8?
-134225
Convert -1947561 (base 10) to base 2.
-111011011011110101001
-50127a (base 15) to base 7
-44210044
Convert 464574 (base 9) to base 16.
441a6
Convert -236557 (base 8) to base 2.
-10011110101101111
9265ba (base 13) to base 5
1333203224
Convert -3003344434 (base 5) to base 16.
-5a5018
Convert -10100011100110010100010 (base 2) to base 7.
-63365106
What is 235246 (base 12) in base 6?
20105330
-543042 (base 8) to base 6
-3521350
Convert -133204 (base 16) to base 6.
-42544004
What is -461b5 (base 13) in base 12?
-61b13
-201d7 (base 16) to base 13
-47b49
What is 1351025 (base 6) in base 15?
17ad2
What is 173c8c (base 14) in base 9?
1475281
-73596a (base 12) to base 10
-1814050
Convert 57571 (base 9) to base 3.
1221122101
Convert -1573aa9 (base 11) to base 5.
-1141402000
Convert -195733 (base 10) to base 8.
-576225
What is -42402220 (base 5) in base 10?
-356560
2ad54 (base 14) to base 13
39868
Convert 97578 (base 16) to base 7.
5161164
-108488 (base 11) to base 10
-172279
-5926a8 (base 14) to base 9
-5645350
What is -2222112002122 (base 3) in base 11?
-992854
436783 (base 9) to base 2
111111101100011111
Convert 16a597 (base 12) to base 10.
391363
What is -1341431 (base 5) in base 10?
-27741
Convert 2101402444 (base 5) to base 12.
154713a
Convert 562264 (base 9) to base 7.
2600302
Convert 218a4 (base 12) to base 3.
2021000021
-184b6 (base 14) to base 7
-343516
-3801170 (base 10) to base 15
-501415
Convert 10010000001000010 (base 2) to base 16.
12042
-66628 (base 11) to base 16
-1794c
What is -556738 (base 14) in base 5?
-1220232321
Convert -350611 (base 10) to base 14.
-91ab9
Convert -201110112000120 (base 3) to base 9.
-21415016
What is 151748 (base 12) in base 8?
1265750
Convert 2700452 (base 8) to base 2.
10111000000100101010
What is 11101110101000111011 (base 2) in base 4?
3232220323
Convert 122021222201 (base 3) to base 13.
bbc54
What is 655fa0 (base 16) in base 5?
3200043431
What is -a81b2 (base 13) in base 10?
-303500
Convert -19316 (base 12) to base 7.
-212052
Convert -813ba (base 15) to base 4.
-1203322021
What is 1002121221 (base 3) in base 13?
9aa5
-140d0d (base 14) to base 2
-10101001011100100001
2318625 (base 10) to base 4
20312010201
Convert -115516 (base 8) to base 14.
-106bc
-32281 (base 12) to base 15
-14884
3272012 (base 8) to base 9
1583377
Convert -20215120 (base 6) to base 11.
-365167
Convert -2333143 (base 7) to base 11.
-190a01
-10334402 (base 5) to base 8
-257571
What is ca3a (base 16) in base 13?
1a744
14144352 (base 8) to base 11
1894091
Convert -974a0 (base 12) to base 11.
-126908
What is -14f536 (base 16) in base 5?
-322422434
Convert 1816872 (base 10) to base 11.
1031052
What is 46243326 (base 8) in base 10?
10045142
-11100110011000011 (base 2) to base 6
-2310031
-b22042 (base 13) to base 16
-3f4281
What is 209170 (base 14) in base 3?
2001220210101
What is -1000010011100001111111 (base 2) in base 5?
-1024132101
ac032 (base 13) to base 10
312015
Convert 3312311100 (base 4) to base 15.
14e869
316020 (base 7) to base 3
2210022010
488143 (base 12) to base 13
321c09
-14481710 (base 9) to base 2
-11011011101100000000010
Convert -21031222 (base 4) to base 8.
-111552
What is -214343240 (base 5) in base 13?
-2692a2
What is -1a5253 (base 15) in base 2?
-100111001001111010100
Convert -2154192 (base 11) to base 8.
-16334414
What is 54b0e2 (base 15) in base 13?
ab44b4
What is 8d560 (base 15) in base 8?
1557052
Convert 131563 (base 7) to base 14.
8da3
-121054015 (base 6) to base 3
-11022112002102
Convert -3678089 (base 10) to base 8.
-16017611
-224122 (base 7) to base 5
-2233403
23002230 (base 5) to base 4
301222300
Convert 53531055 (base 6) to base 5.
401121132
What is -101100110011000100 (base 2) in base 5?
-21332432
-66203 (base 12) to base 15
-2a050
Convert -1121001222201 (base 3) to base 2.
-11001110111111001011
What is 1146530 (base 7) in base 5?
14141014
What is -1ad4cc0 (base 14) in base 16?
-ccc888
Convert -3333332230 (base 4) to base 7.
-11624554
-3a7b8 (base 14) to base 6
-3031410
What is 1462981 (base 10) in base 13?
3c2b90
130123340 (base 5) to base 9
1158877
Convert -3211344334 (base 5) to base 2.
-11001101111001011011100
What is 210212022 (base 4) in base 11?
a2691
Convert 100212200000002 (base 3) to base 13.
111a100
What is -1311040 (base 7) in base 16?
-29b5a
Convert -3600 (base 11) to base 10.
-4719
-13147340 (base 9) to base 4
-120223011333
Convert 18403308 (base 9) to base 6.
530431055
What is 77b52 (base 13) in base 12?
a5868
1352242 (base 6) to base 3
10220121122
-aab816 (base 12) to base 13
-741222
-2b192 (base 14) to base 10
-107340
-a43950 (base 13) to base 16
-3a85d7
Convert -c4225a (base 16) to base 5.
-11242310400
Convert -92b8 (base 14) to base 10.
-25250
What is -758803 (base 12) in base 7?
-21546102
Convert 1a6a68 (base 12) to base 7.
3656444
-201087 (base 11) to base 13
-b434a
Convert 1433311142 (base 5) to base 3.
21011102021202
-111111001000110111111 (base 2) to base 8
-7710677
What is -22d00c (base 15) in base 6?
-55355103
-6633b (base 12) to base 16
-2105f
11002232212 (base 4) to base 9
2434261
Convert 638aa (base 16) to base 3.
202201021211
-10221111001 (base 3) to base 12
-38b0a
What is 2a87a1 (base 12) in base 14?
14a54d
What is -1010000101000111101 (base 2) in base 8?
-1205075
-474726 (base 8) to base 16
-279d6
100111111101011101 (base 2) to base 14
43913
What is -33247 (base 10) in base 12?
-172a7
-142422223 (base 5) to base 6
-24012554
-21404 (base 7) to base 15
-18b5
What is 11101001220200 (base 3) in base 15?
30d8c9
3764647 (base 10) to base 7
43666435
What is ca152 (base 15) in base 10?
641552
What is a75758 (base 12) in base 2?
1010000101010011110100
What is 960 (base 14) in base 6?
12320
-55a6b (base 14) to base 16
-32bef
W